k(13) is divided by z?
21
Let x(h) = -h**2 + 12*h + 1. Let l be x(4). Suppose 2*n - o = -0*o + 17, -4*o - l = -3*n. What is the remainder when 20 is divided by n?
6
Let a = -16 - -55. What is the remainder when 389 is divided by a?
38
Suppose -95*w + 105*w - 980 = 0. Calculate the remainder when 582 is divided by w.
92
Suppose 2*w - 52 = -2*w. Let f = 1189 + -1181. Calculate the remainder when w is divided by f.
5
Suppose 12 = -4*f + f. Calculate the remainder when 2 is divided by (18/4 + f)*2.
0
Let u(g) = -23*g + 15*g**2 + 23*g + 52*g**2. Suppose -3*t + 20 + 10 = 0. Calculate the remainder when u(1) is divided by t.
7
Suppose -15*v + 10*v + 130 = 0. Let w = 9 - -45. Suppose -h - h = -5*s + 69, w = 4*s - 2*h. Calculate the remainder when v is divided by s.
11
Suppose 2*s + 3*s = -5*q + 155, -s - 5*q + 23 = 0. Let o = s + -13. Calculate the remainder when o is divided by 2 + (-3 - -5) + (20 - 17).
6
Let y(k) = -8*k - 7. Let l = -9 - -4. What is the remainder when y(l) is divided by (68/(-16))/(2/(-8))?
16
Suppose 6*h + r = 4*h + 104, 4*h + 5*r = 214. Calculate the remainder when h is divided by 10.
1
Let d be 2*12/(-16)*4. Let i(w) = w**3 + 7*w**2 + 5*w + 5. Suppose 0 = -0*h - 2*h + 40. What is the remainder when h is divided by i(d)?
9
Let g(n) = -824*n - 5764. Suppose 0 = 3*y - 6*y + 42. Calculate the remainder when y is divided by g(-7).
2
Let c = -153 - -396. Calculate the remainder when c is divided by 81.
0
Let y = 15 + -11. Let b be y + -1*(3 + -3). Suppose -2*m = 2*c - 92, c - 147 - 34 = -b*m. Calculate the remainder when m is divided by 16.
13
Let x(k) = -2*k**2 + k + 42. Let d(a) = -a**2 + 21. Let j(n) = 5*d(n) - 3*x(n). Calculate the remainder when 10 is divided by j(7).
3
Suppose -2*i + 46 = -36. Let g = -36 - -50. What is the remainder when i is divided by g?
13
Let p = 87 + -76. Suppose 0 = 4*j - 15 + p. What is the remainder when j is divided by 1?
0
Let s(t) = 1 + 3*t - 6 + 2*t - 3*t. Let g be s(4). Suppose r - g = 29. Calculate the remainder when r is divided by 17.
15
Calculate the remainder when ((-5)/((-15)/9))/((-33)/(-121)) is divided by 54/2*3/9.
2
Let o(l) = -9*l**3 + 5*l + 5. Let p be o(-1). Suppose -2*y + 3*y = -2*v + 5, -4*y + p = -3*v. Calculate the remainder when 9 is divided by y.
0
Let b(t) = t**2 + 8*t - 34. Let m = -24 - -79. Calculate the remainder when m is divided by b(-12).
13
Calculate the remainder when 7 is divided by ((-2)/((-32)/(-8)))/((-1)/14).
0
Suppose l + 14 = 5*j, -18 = 2*j - j + 5*l. What is the remainder when 62 is divided by j?
0
Suppose -2*f + 11 + 7 = 0. Suppose 8*x = 20*x - 300. What is the remainder when x is divided by f?
7
Let f = -5 + 11. Let o(x) = x**2 - 6*x + 8. Let r be o(f). Let s = r + -3. Calculate the remainder when 7 is divided by s.
2
Suppose -15 = 2*c + 77. Let n = c + 58. What is the remainder when 21 is divided by n?
9
Let a(v) = -115*v + 359. What is the remainder when 783 is divided by a(3)?
13
Let s be 7/21*0*(-3)/9. Suppose s = 4*r - 6*r + 36. Calculate the remainder when 87 is divided by r.
15
Let q(p) be the first derivative of p**2/2 + 29*p - 3. Let a = -164 - -179. What is the remainder when q(0) is divided by a?
14
Let i = 551 - 479. What is the remainder when i is divided by 11?
6
Let s be (2*4/8)/((-1)/(-4)). Suppose 3*l = -p - 2*p + 195, -l - 250 = -s*p. What is the remainder when p is divided by 17?
12
Let w = -2856 - -3271. What is the remainder when w is divided by 20?
15
Let i(f) be the first derivative of f**4/4 - 11*f**3/3 + f**2/2 - 3*f + 2. Suppose 5*m = 8*m - 33. What is the remainder when 21 is divided by i(m)?
5
Let o(x) = 10*x + 70. Suppose -6*j + 5*j + 73 = 0. What is the remainder when j is divided by o(-5)?
13
Let p = 1337 - 1213. What is the remainder when p is divided by 28?
12
Let c = 116 - -20. Let j = c + -83. Suppose -3*h + 44 = 2*n, 0 = 2*h + 2*h - 4*n - 52. What is the remainder when j is divided by h?
11
Let d be (-4 - -1) + -1 + 147. Let o = d - 84. What is the remainder when o is divided by 21?
17
Let m(d) be the first derivative of -2*d**4 + d**3/3 - d**2 - 2*d + 8. Calculate the remainder when 52 is divided by m(-1).
7
Let j = -26 - -36. Let q be (-29)/(-5) - (-2)/j. Suppose -q*i = -68 - 28. What is the remainder when i is divided by 6?
4
Suppose -11*n - 120 = -14*n. Let g = n - -38. What is the remainder when g is divided by 10?
8
Calculate the remainder when (-2 + 6/4)/(1/(-330)) is divided by 76.
13
Suppose 77 + 34 = -3*n. Let w = n - -87. Suppose 19 = 2*o - 15. What is the remainder when w is divided by o?
16
Let x(t) = -25*t**2 - 2*t + 2. Let b(j) = 13*j**2 + j - 1. Let a(d) = -7*b(d) - 4*x(d). What is the remainder when 108 is divided by a(2)?
34
Suppose d = 2*d + 3. What is the remainder when (480/45)/((-2)/d) is divided by 5?
1
Suppose 7 = d + 2. Suppose -4*j - 5*v = -77, -29 = -2*j + d*v + 2. Calculate the remainder when 31 is divided by j.
13
Let d = 1 - 20. Let z = -324 + 314. Let p = z - d. What is the remainder when p is divided by 4?
1
Suppose -2*v - 5*k + 68 = 16, v + 5*k = 21. Let b be (72/27)/(2/18). Suppose -5*h + 79 = b. What is the remainder when v is divided by h?
9
Let p(w) = -25*w - 78. Calculate the remainder when 90 is divided by p(-5).
43
Let j(r) = -r**2 + 19*r - 47. Let c be j(3). What is the remainder when (184/(-3))/4*(c + -4) is divided by 3?
1
Let d be (-6)/(-4)*(-4)/(-3). Let m(p) = 3*p**3 + 2*p**2 + 1. Let c(a) = a**3 - 3*a**2 - 17*a + 70. What is the remainder when m(d) is divided by c(4)?
15
Suppose 5*p + 2*s - 742 = 0, 0 = -5*p - 3*s - 338 + 1076. What is the remainder when p is divided by 31?
26
Let k(p) = 16*p - 5. Let y be k(4). Let g = -54 + y. Calculate the remainder when 49 is divided by g.
4
Let q(g) = -2*g**2 + 15*g + 3. Let u be q(8). What is the remainder when (11/u - -1)/((-36)/810) is divided by 15?
12
Suppose -3*z = 5*j - 106, -z - 3*z + 48 = 2*j. Let h be (-4)/(4/(-33)) - -2. Calculate the remainder when 2/7 + 2755/h is divided by j.
19
Let s(b) = 3*b - 6. Let c be s(3). Let t(q) = -2 + 5*q**2 + 26*q**3 - 7*q + 3 + 3*q - 27*q**c. What is the remainder when 20 is divided by t(3)?
6
Let m(f) = f**2 + 2*f + 4. Let h(v) = -v**2 - 10*v + 14. Let q be h(-11). Let t be -2*1*6/q. Calculate the remainder when 59 is divided by m(t).
11
Let n(o) = o**3 + 23*o**2 - o - 25. Let m be n(-23). What is the remainder when 1 - -1 - m/((-16)/(-1816)) is divided by 23?
22
Suppose -6*k = g - 2*k - 202, 2*g + 4*k - 388 = 0. Calculate the remainder when g is divided by 11.
10
Suppose -21*y + 14*y + 98 = 0. Let h(k) = -k**3 + 14*k**2 + k - 11. Calculate the remainder when 4 is divided by h(y).
1
Calculate the remainder when 101 is divided by 1782/63 - 4/14.
17
Calculate the remainder when (1/(20/752))/((-6)/(-60)) is divided by 27.
25
Let b = -18 - -15. What is the remainder when (b/(-12) - 2)*-12 is divided by 10?
1
Let z = -264 - -270. Let l(v) = v**2 + 8*v + 4. Calculate the remainder when l(-9) is divided by z.
1
Suppose 5*t + 327 = 8*t. Let l = t - 89. Calculate the remainder when 71 is divided by l.
11
Calculate the remainder when 135 is divided by 29 + (-15)/(-10)*2 + 2.
33
Suppose j + 3*j - 32 = 0. Calculate the remainder when (-1686)/(-58) + 146/(-2117) is divided by j.
5
Suppose -8*n + 609 = -127. What is the remainder when n is divided by 8?
4
Suppose 2*n + 1 = 2*a - 9, 5*a - 4*n - 30 = 0. Suppose -6*q = -a*q. Suppose 4*w + d = -q*d + 22, w = 4*d + 14. What is the remainder when 21 is divided by w?
3
Suppose -23 = -5*q + 72. Calculate the remainder when q is divided by 19 + -4 + (-20 - -12).
5
Let h = 38 + -7. Let p = h + -19. Calculate the remainder when p is divided by 60/90 - (-38)/6.
5
Let r(l) be the second derivative of -l**5/20 - 5*l**4/12 - 5*l**3/6 + 2*l**2 + 4*l. Let w be r(-6). What is the remainder when (4 - -1)*812/w is divided by 15?
13
Let o = 237 + -168. What is the remainder when o is divided by 8?
5
Let g = -454 + 684. What is the remainder when 5 is divided by 2/(-11) - g/(-55)?
1
Let w = -21 - -34. Let z(u) = -14*u - 18. Let t be z(-15). Suppose 30*q = 33*q - t. What is the remainder when q is divided by w?
12
What is the remainder when 215 is divided by 77/385 - (-778)/10?
59
Suppose -4*v + 25 = 5*u - 0, -4*v = 0. Suppose -y = -2*l - 11, -3*y - 5 = u*l + 6. What is the rem